{"id":153,"date":"2025-06-28T01:13:26","date_gmt":"2025-06-28T04:13:26","guid":{"rendered":"https:\/\/zhitlovsky.org.uy\/?page_id=153"},"modified":"2025-12-02T20:08:08","modified_gmt":"2025-12-02T23:08:08","slug":"sede","status":"publish","type":"page","link":"https:\/\/zhitlovsky.org.uy\/index.php\/sede\/","title":{"rendered":"Sede"},"content":{"rendered":"\r\n<div class=\"wp-block-columns is-layout-flex wp-container-core-columns-is-layout-28f84493 wp-block-columns-is-layout-flex\">\r\n<div class=\"wp-block-column is-layout-flow wp-block-column-is-layout-flow\" style=\"flex-basis: 66.66%;\">\r\n<p>Se inaugur\u00f3 en Noviembre de 1950 y este a\u00f1o se cumplen 75 a\u00f1os de nuestro querido Palacio Zhitlovsky.<\/p>\r\n\r\n\r\n\r\n<p>El edificio de la calle Durazno es parte de la historia institucional y la de cada uno, que a lo largo de estos a\u00f1os pas\u00f3 por \u00e9l, disfrutando, \u00ablaburando\u00bb, creando, luchando, llen\u00e1ndose de peque\u00f1os recuerdos. Y con los recuerdos encerrados en esas paredes y los que cada uno tenemos en nuestro coraz\u00f3n, construiremos la memoria.<\/p>\r\n\r\n\r\n\r\n<p>La memoria del Zhitlovsky, la de todos nosotros.\u00a0<\/p>\r\n<\/div>\r\n\r\n\r\n\r\n<div class=\"wp-block-column is-layout-flow wp-block-column-is-layout-flow\" style=\"flex-basis: 33.33%;\">\r\n<figure class=\"wp-block-gallery has-nested-images columns-default is-cropped wp-block-gallery-1 is-layout-flex wp-block-gallery-is-layout-flex\">\r\n\r\n\r\n\r\n\r\n\r\n\r\n<figure class=\"wp-block-image size-large\"><img loading=\"lazy\" decoding=\"async\" width=\"972\" height=\"729\" data-id=\"157\" class=\"wp-image-157\" src=\"https:\/\/zhitlovsky.org.uy\/wp-content\/uploads\/2025\/06\/103793039_10158367030271358_7223689416974132466_n.jpg\" alt=\"\" srcset=\"https:\/\/zhitlovsky.org.uy\/wp-content\/uploads\/2025\/06\/103793039_10158367030271358_7223689416974132466_n.jpg 972w, https:\/\/zhitlovsky.org.uy\/wp-content\/uploads\/2025\/06\/103793039_10158367030271358_7223689416974132466_n-300x225.jpg 300w, https:\/\/zhitlovsky.org.uy\/wp-content\/uploads\/2025\/06\/103793039_10158367030271358_7223689416974132466_n-768x576.jpg 768w\" sizes=\"auto, (max-width: 972px) 100vw, 972px\" \/><\/figure>\r\n\r\n\r\n\r\n<figure class=\"wp-block-image size-large\"><img loading=\"lazy\" decoding=\"async\" width=\"200\" height=\"267\" data-id=\"156\" class=\"wp-image-156\" src=\"https:\/\/zhitlovsky.org.uy\/wp-content\/uploads\/2025\/06\/aciz031.jpg\" alt=\"\" \/><\/figure>\r\n<\/figure>\r\n<\/div>\r\n<\/div>\r\n","protected":false},"excerpt":{"rendered":"<p>Se inaugur\u00f3 en Noviembre de 1950 y este a\u00f1o se cumplen 75 a\u00f1os de nuestro querido Palacio Zhitlovsky. El edificio [&hellip;]<\/p>\n","protected":false},"author":2,"featured_media":0,"parent":0,"menu_order":0,"comment_status":"closed","ping_status":"closed","template":"","meta":{"_uag_custom_page_level_css":"","site-sidebar-layout":"default","site-content-layout":"","ast-site-content-layout":"default","site-content-style":"default","site-sidebar-style":"default","ast-global-header-display":"","ast-banner-title-visibility":"","ast-main-header-display":"","ast-hfb-above-header-display":"","ast-hfb-below-header-display":"","ast-hfb-mobile-header-display":"","site-post-title":"","ast-breadcrumbs-content":"","ast-featured-img":"","footer-sml-layout":"","ast-disable-related-posts":"","theme-transparent-header-meta":"default","adv-header-id-meta":"","stick-header-meta":"","header-above-stick-meta":"","header-main-stick-meta":"","header-below-stick-meta":"","astra-migrate-meta-layouts":"set","ast-page-background-enabled":"default","ast-page-background-meta":{"desktop":{"background-color":"var(--ast-global-color-5)","background-image":"","background-repeat":"repeat","background-position":"center center","background-size":"auto","background-attachment":"scroll","background-type":"","background-media":"","overlay-type":"","overlay-color":"","overlay-opacity":"","overlay-gradient":""},"tablet":{"background-color":"","background-image":"","background-repeat":"repeat","background-position":"center center","background-size":"auto","background-attachment":"scroll","background-type":"","background-media":"","overlay-type":"","overlay-color":"","overlay-opacity":"","overlay-gradient":""},"mobile":{"background-color":"","background-image":"","background-repeat":"repeat","background-position":"center center","background-size":"auto","background-attachment":"scroll","background-type":"","background-media":"","overlay-type":"","overlay-color":"","overlay-opacity":"","overlay-gradient":""}},"ast-content-background-meta":{"desktop":{"background-color":"var(--ast-global-color-4)","background-image":"","background-repeat":"repeat","background-position":"center center","background-size":"auto","background-attachment":"scroll","background-type":"","background-media":"","overlay-type":"","overlay-color":"","overlay-opacity":"","overlay-gradient":""},"tablet":{"background-color":"var(--ast-global-color-4)","background-image":"","background-repeat":"repeat","background-position":"center center","background-size":"auto","background-attachment":"scroll","background-type":"","background-media":"","overlay-type":"","overlay-color":"","overlay-opacity":"","overlay-gradient":""},"mobile":{"background-color":"var(--ast-global-color-4)","background-image":"","background-repeat":"repeat","background-position":"center center","background-size":"auto","background-attachment":"scroll","background-type":"","background-media":"","overlay-type":"","overlay-color":"","overlay-opacity":"","overlay-gradient":""}},"footnotes":""},"class_list":["post-153","page","type-page","status-publish","hentry"],"uagb_featured_image_src":{"full":false,"thumbnail":false,"medium":false,"medium_large":false,"large":false,"1536x1536":false,"2048x2048":false},"uagb_author_info":{"display_name":"Gonzalo","author_link":"https:\/\/zhitlovsky.org.uy\/index.php\/author\/gonzalo\/"},"uagb_comment_info":0,"uagb_excerpt":"Se inaugur\u00f3 en Noviembre de 1950 y este a\u00f1o se cumplen 75 a\u00f1os de nuestro querido Palacio Zhitlovsky. El edificio [&hellip;]","_links":{"self":[{"href":"https:\/\/zhitlovsky.org.uy\/index.php\/wp-json\/wp\/v2\/pages\/153","targetHints":{"allow":["GET"]}}],"collection":[{"href":"https:\/\/zhitlovsky.org.uy\/index.php\/wp-json\/wp\/v2\/pages"}],"about":[{"href":"https:\/\/zhitlovsky.org.uy\/index.php\/wp-json\/wp\/v2\/types\/page"}],"author":[{"embeddable":true,"href":"https:\/\/zhitlovsky.org.uy\/index.php\/wp-json\/wp\/v2\/users\/2"}],"replies":[{"embeddable":true,"href":"https:\/\/zhitlovsky.org.uy\/index.php\/wp-json\/wp\/v2\/comments?post=153"}],"version-history":[{"count":3,"href":"https:\/\/zhitlovsky.org.uy\/index.php\/wp-json\/wp\/v2\/pages\/153\/revisions"}],"predecessor-version":[{"id":399,"href":"https:\/\/zhitlovsky.org.uy\/index.php\/wp-json\/wp\/v2\/pages\/153\/revisions\/399"}],"wp:attachment":[{"href":"https:\/\/zhitlovsky.org.uy\/index.php\/wp-json\/wp\/v2\/media?parent=153"}],"curies":[{"name":"wp","href":"https:\/\/api.w.org\/{rel}","templated":true}]}}